2*j = -25. What is the tens digit of h?
5
Let g(z) = -z**2 + 4*z + 21. Let j be g(0). Suppose -5*s + j*m - 23*m + 3302 = 0, -5 = -5*m. What is the tens digit of s?
6
Let l(x) = 12 + x**2 - 12*x**3 - 9 - 7. Let m be l(-3). Suppose -m - 31 = -4*s. What is the units digit of s?
0
What is the hundreds digit of (-1111899)/38*(-18)/27?
5
What is the units digit of (-5)/((-20)/10587)*(-9)/(216/(-64))?
8
Suppose 6 + 6 = 3*a. Suppose 0 = -5*j + 3*f, a*f = j - 0*j. Suppose -3*l + 7*l = 4*r + 340, l + r - 81 = j. What is the units digit of l?
3
Let o = -74 - -74. Suppose 220 = -o*b - 5*b. What is the units digit of (b/4)/(16/6 + -3)?
3
Let n(k) = 51*k**2 - 7*k - 21. What is the units digit of n(9)?
7
Suppose 67972 + 15988 = -56*c + 66*c. What is the thousands digit of c?
8
What is the tens digit of (-4 - 5609)*(4 - ((-16)/4 - -11))?
3
Let r = 25464 - 11942. What is the tens digit of r?
2
Let h(b) = b**3 + 28*b**2 - 5*b - 140. Let a be h(-28). Suppose -4*u - d + 1424 = a, 0 = -u - 28*d + 30*d + 365. What is the hundreds digit of u?
3
Suppose 2*t = -3*u + 1360, -15*t + 13*t - u = -1364. Suppose 536 + t = k. What is the thousands digit of k?
1
Suppose -74*k + 63*k = -158813 - 18023. What is the tens digit of k?
7
Suppose -o + 3*s - 8 = 0, -4*o + 5*s = 4 - 0. Suppose -y = a + 28, -2*y = -o*a - 13 - 99. Let p = a + 42. What is the units digit of p?
4
Let f = -2 - -23. Suppose 0*r - 7*r - f = 0. What is the tens digit of (-1)/(1/r) - 3038/(-31)?
0
Let b(q) = -802*q - 741. What is the thousands digit of b(-14)?
0
Let r = 19434 + -5967. What is the ten thousands digit of r?
1
Suppose 8*f = 3*f + 2*o - 19878, -5*f - 2*o - 19882 = 0. What is the units digit of (-2)/(-5) - (-2 + f/10)?
0
Suppose -4*s = 5*r - 69, s - r + 9 = 3*r. Let o be (-12)/(-2) - (3 + -1). Suppose -o*c + 1 = -s. What is the units digit of c?
3
Suppose -3*u = u + w - 6114, -4*u + 2*w + 6132 = 0. What is the thousands digit of u?
1
Suppose u - 16245 = -2*o, -26931 = -4*o + 5*u + 5552. What is the tens digit of o?
2
Suppose y + 18787 = 4*h - 15104, -25417 = -3*h + 2*y. What is the hundreds digit of h?
4
Suppose 0 = n + 4*t - 34937, 0 = -5*t + 71 - 111. What is the hundreds digit of n?
9
Let y(l) = l**3 - 2*l**2 + 7*l - 1. Let v = -51 - -55. Suppose -11 = -2*j - 0*w + w, v*j = -w + 25. What is the units digit of y(j)?
5
Suppose 5*v = -340 + 10. Let t(n) = -5*n**3 - 3*n**2 + n - 3. Let a be t(-3). Let u = v + a. What is the tens digit of u?
3
What is the hundreds digit of 3862*(60/(-24) + 3)?
9
Suppose 3*x + 2*o + 5848 = 7*x, 0 = -5*x + 2*o + 7310. Let i = x - 822. What is the tens digit of i?
4
Suppose -1 = -4*q - 2*a + 25, 2*q - 3*a = 25. Let s be (-2 + q)*(-2)/(-4). Suppose 2*j + s*z - 108 = 0, -2*j - 5*z - 77 + 189 = 0. What is the units digit of j?
1
Suppose -61*z + 97*z - 132804 = 0. What is the thousands digit of z?
3
Let o = 491 + -481. What is the hundreds digit of (10 + ((-2)/(-1) - 1))*o?
1
Suppose -417095 = -172*f + 164*f - 30023. What is the thousands digit of f?
8
Let i(a) = a**2 - 6*a + 3. Let s be i(5). What is the hundreds digit of s - (3 - (442 + -2))?
4
Suppose 5*g + 15 = 0, -6*k + g = -3*k - 18. Suppose 2*h - k*h = 3*h. Suppose -2*u - u - 2*y + 26 = h, -4*u = -5*y - 50. What is the tens digit of u?
1
Let h(x) be the first derivative of 87*x**2/2 - 17*x + 43. What is the units digit of h(4)?
1
Let u(t) = -2*t**2 - 15*t - 13. Let l be u(-6). Suppose 2*o - 3*o - 2*g - 27 = 0, l*g = 20. Let j = o - -89. What is the units digit of j?
4
Suppose -66*u = 49*u + 26*u - 2814924. What is the units digit of u?
4
Suppose 29 = 4*q + 3*d, d = q + q - 27. Let r be 12/(-14)*((-308)/6)/q. Suppose -4 = r*w, -3*t - 5*w + 167 = -170. What is the tens digit of t?
1
Suppose -2*y = 4*a - 84314 + 17440, 33542 = 2*a + 36*y. What is the ten thousands digit of a?
1
Let k(n) = -n - 8. Let t be k(-2). What is the units digit of ((-252)/(-6))/t - -12?
5
Let p(k) be the second derivative of k**5/20 - 5*k**4/12 - 13*k**3/6 - 8*k**2 - 8*k + 1. What is the units digit of p(8)?
2
Let h = -95 + 107. Suppose -743 = -h*m + 253. Suppose 0 = 2*x - m + 9. What is the units digit of x?
7
Suppose 0 = -3*l + 6*l - 48. Let i = l - 10. What is the units digit of 100/(-16)*i*2*-1?
5
Let k be (-2)/3 + (-11376)/(-54). Let v = k - 195. What is the tens digit of v?
1
Suppose -3*a - a - 76 = -4*f, 58 = 2*f + 2*a. Suppose 4*c = f*c - 12140. What is the units digit of c?
7
Suppose 63246 + 67556 = 36*l - 14206. What is the tens digit of l?
2
Let j(t) = t**2 - 4*t + 6. Let y be j(3). Suppose 0 = y*b - 5*r - 253, 4*r + 162 = 2*b + 2*r. What is the tens digit of b?
7
Suppose 2 = 34*f + 2. Suppose -5*s + 4495 = -3*i - f*i, 3*s = -2*i + 2697. What is the units digit of s?
9
Suppose -8*t = -17*t + 27. Let w be t*2/6 + 4. Suppose a - 5*o = 19, -w*a = -0*a + o - 69. What is the tens digit of a?
1
Let p be 14*(117/18 - 6). Suppose 180 = 5*f - 50. Let a = f - p. What is the units digit of a?
9
Let m = -190 - -169. What is the hundreds digit of m - -26 - 1*-1637?
6
Suppose s = 7*s + 68*s - 3179410. What is the units digit of s?
5
Let b = 95431 - 61775. What is the tens digit of b?
5
Let t = 77597 - 40603. What is the hundreds digit of t?
9
Let y(p) = p**3 - 14*p**2 + 2. Let l be y(14). Suppose 3*z - 4*h = -0*z - 8, 2 = -l*z + h. Suppose z = 95*a - 97*a + 86. What is the units digit of a?
3
Suppose 77 + 163 = 15*p. Suppose 2*b + 3559 = 5*m, -3*b + p = 7. What is the units digit of m?
3
Let z = 5281 - 2003. What is the tens digit of z?
7
What is the tens digit of 7 + 17738 - (29/58 + (-5)/(-2))?
4
Let l be 7*((-17)/(-7) - (-2 + 4)). Suppose l*u + 3*u = 7872. What is the tens digit of u?
1
Suppose -6*t - 9070 = -11*t. Suppose -2*h + m - 725 = -0*m, -5*h + 4*m - t = 0. Let y = 641 + h. What is the tens digit of y?
7
Let j(h) = -3*h - 47. Let n be j(-19). Suppose -13*x + 228 = -n*x. Suppose 0 = -o - 10 + x. What is the units digit of o?
6
Suppose 169*s + 65*s = 1592370. What is the thousands digit of s?
6
Let q(d) = d**2 + 2. Let t be q(0). Suppose -5*p = t*h - 1718, p + 4*h = h + 354. Let u = p - 168. What is the units digit of u?
4
Let t be 24/(-32) - 23/(-4). Let b(y) = 5*y**3 - 7*y - 1. Let j(f) = 6*f**3 + f**2 - 7*f - 2. Let l(q) = -5*b(q) + 4*j(q). What is the units digit of l(t)?
7
Let u = 11 + -9. Let f be 53/(-2) + (-3)/(-6) - u. Let d = f - -89. What is the tens digit of d?
6
Let v(x) = x**3 + 7*x**2 - 28*x + 8. Suppose -4*m = -4*k + 40, 5*k - 19 = m + 19. What is the hundreds digit of v(k)?
4
Let a(z) = 2*z**3 + 13*z**2 + 7*z - 6. Let u be a(-6). Let v(s) = -22*s - 3. What is the hundreds digit of v(u)?
2
Let w = 21 + -16. Suppose 5*z - 131 = -2*v, w*z = 5*v + 6*z - 339. What is the tens digit of (5 - 2)/(4/v)?
5
Suppose -29*i = -424087 - 284528. What is the thousands digit of i?
4
Let c(u) = -u**2 + 19*u - 68. Let r be c(5). Suppose -5*b + 1869 = 4*s, 1227 = r*s - 2*b + 297. What is the hundreds digit of s?
4
Let a = 73976 - 45262. What is the tens digit of a?
1
Let t = -12 + 27. What is the tens digit of 10/t*3*146?
9
Suppose -13*i = -i + 36. Let s(h) = -h**3 - 5*h**2 - 6*h + 2. Let c be s(i). What is the tens digit of 45/c*(4 - (-80)/(-25))?
1
Let k(a) = a**3 + 7*a**2 - 117*a + 1426. What is the tens digit of k(16)?
4
Suppose -173*b + 128501 + 141574 = -148*b. What is the units digit of b?
3
Let u(s) be the first derivative of -s**4/2 + 25*s**3/3 - 15*s**2/2 + 36*s + 2. What is the tens digit of u(10)?
8
Let f = 219 + -198. Suppose 15*k - f*k = -1128. What is the tens digit of k?
8
What is the hundreds digit of 80658*(-2)/((-108)/9)?
4
Let a = 1828 + -948. Suppose 4*w - a = -2*y - 0*w, -2187 = -5*y + 3*w. What is the units digit of y?
8
Suppose 128*z - 2021610 = -201450. What is the thousands digit of z?
4
Let b(i) = -43*i - 34. Suppose p - 32 = 5*a, 2*a - 2*p = -5 - 3. What is the hundreds digit of b(a)?
2
Suppose 543 = -13*a - 1940. Suppose -r = -4*b - 397, -2*r - 494 = 5*b - r. Let l = b - a. What is the tens digit of l?
9
Let i be (-48)/36 - (-20)/6. Suppose 2*v = -7*w + 12*w - 8487, -v = -i*w + 3395. What is the units digit of w?
7
Let p(v) = -v**3 + 7*v**2 - 8*v + 32. Let q be p(11). Let g = 811 + q. What is the units digit of g?
1
Let k = 8227 + 28456. What is the units digit of k?
3
Let y be 1 - (54/(-243) - 1037/(-9)). Let